{"id":15,"date":"2025-08-24T14:48:29","date_gmt":"2025-08-24T14:48:29","guid":{"rendered":"https:\/\/ljspot.com.br\/delivery\/?page_id=15"},"modified":"2025-08-30T13:48:26","modified_gmt":"2025-08-30T13:48:26","slug":"sobre","status":"publish","type":"page","link":"https:\/\/ljspot.com.br\/delivery\/sobre\/","title":{"rendered":"Sobre"},"content":{"rendered":"\t\t<div data-elementor-type=\"wp-page\" data-elementor-id=\"15\" class=\"elementor elementor-15\" data-elementor-post-type=\"page\">\n\t\t\t\t<div class=\"elementor-element elementor-element-9701a54 e-flex e-con-boxed e-con e-parent\" data-id=\"9701a54\" data-element_type=\"container\" data-settings=\"{&quot;background_background&quot;:&quot;gradient&quot;}\">\n\t\t\t\t\t<div class=\"e-con-inner\">\n\t\t\t\t<div class=\"elementor-element elementor-element-f9c7cc0 elementor-widget__width-inherit elementor-widget elementor-widget-heading\" data-id=\"f9c7cc0\" data-element_type=\"widget\" data-widget_type=\"heading.default\">\n\t\t\t\t\t<h1 class=\"elementor-heading-title elementor-size-default\">Sobre N\u00f3s<\/h1>\t\t\t\t<\/div>\n\t\t\t\t\t<\/div>\n\t\t\t\t<\/div>\n\t\t<div class=\"elementor-element elementor-element-1056bdc e-flex e-con-boxed e-con e-parent\" data-id=\"1056bdc\" data-element_type=\"container\" data-settings=\"{&quot;background_background&quot;:&quot;classic&quot;}\">\n\t\t\t\t\t<div class=\"e-con-inner\">\n\t\t<div class=\"elementor-element elementor-element-338f16e e-con-full e-flex e-con e-child\" data-id=\"338f16e\" data-element_type=\"container\">\n\t\t\t\t<div class=\"elementor-element elementor-element-e2ee1ec elementor-widget elementor-widget-heading\" data-id=\"e2ee1ec\" data-element_type=\"widget\" data-widget_type=\"heading.default\">\n\t\t\t\t\t<h2 class=\"elementor-heading-title elementor-size-default\">Quem Somos?<\/h2>\t\t\t\t<\/div>\n\t\t\t\t<div class=\"elementor-element elementor-element-a2ab953 elementor-widget elementor-widget-text-editor\" data-id=\"a2ab953\" data-element_type=\"widget\" data-widget_type=\"text-editor.default\">\n\t\t\t\t\t\t\t\t\t<p data-start=\"260\" data-end=\"514\">H\u00e1 mais de 15 anos, a <strong data-start=\"282\" data-end=\"301\">Loyola Pizzaria<\/strong> \u00e9 parte da hist\u00f3ria e do sabor do <strong data-start=\"336\" data-end=\"381\">Bairro Padre Eust\u00e1quio, em Belo Horizonte<\/strong>. Muito mais do que uma pizzaria, somos um ponto de encontro de fam\u00edlias, amigos e apaixonados por uma boa pizza feita com carinho.<\/p><p data-start=\"516\" data-end=\"669\">Nossa receita de sucesso? Ingredientes sempre frescos, massas preparadas artesanalmente e um atendimento que valoriza cada cliente como se fosse \u00fanico.<\/p><p data-start=\"671\" data-end=\"912\">Ao longo desses anos, constru\u00edmos n\u00e3o apenas um card\u00e1pio irresist\u00edvel, mas tamb\u00e9m um relacionamento de confian\u00e7a e tradi\u00e7\u00e3o com a comunidade local. Aqui, cada fatia carrega o sabor da dedica\u00e7\u00e3o e a ess\u00eancia do verdadeiro esp\u00edrito familiar.<\/p><p data-start=\"914\" data-end=\"1077\">Na Loyola Pizzaria, voc\u00ea n\u00e3o encontra apenas pizzas \u2014 encontra momentos especiais, boas mem\u00f3rias e a certeza de uma experi\u00eancia que sempre d\u00e1 vontade de repetir.<\/p><p data-start=\"1079\" data-end=\"1186\">Venha nos visitar ou pe\u00e7a no conforto da sua casa. <strong data-start=\"1133\" data-end=\"1184\">O sabor de 15 anos de tradi\u00e7\u00e3o espera por voc\u00ea!<\/strong><\/p>\t\t\t\t\t\t\t\t<\/div>\n\t\t\t\t<\/div>\n\t\t<div class=\"elementor-element elementor-element-2c25e61 e-con-full e-flex e-con e-child\" data-id=\"2c25e61\" data-element_type=\"container\">\n\t\t\t\t<div class=\"elementor-element elementor-element-2eb8596 elementor-widget elementor-widget-image\" data-id=\"2eb8596\" data-element_type=\"widget\" data-widget_type=\"image.default\">\n\t\t\t\t\t\t\t\t\t\t\t\t\t\t\t<img fetchpriority=\"high\" decoding=\"async\" width=\"500\" height=\"500\" src=\"https:\/\/ljspot.com.br\/delivery\/wp-content\/uploads\/2025\/08\/Sobre-nos-webp.webp\" class=\"attachment-large size-large wp-image-172\" alt=\"\" srcset=\"https:\/\/ljspot.com.br\/delivery\/wp-content\/uploads\/2025\/08\/Sobre-nos-webp.webp 500w, https:\/\/ljspot.com.br\/delivery\/wp-content\/uploads\/2025\/08\/Sobre-nos-webp-300x300.webp 300w, https:\/\/ljspot.com.br\/delivery\/wp-content\/uploads\/2025\/08\/Sobre-nos-webp-150x150.webp 150w\" sizes=\"(max-width: 500px) 100vw, 500px\" \/>\t\t\t\t\t\t\t\t\t\t\t\t\t\t\t<\/div>\n\t\t\t\t<\/div>\n\t\t\t\t\t<\/div>\n\t\t\t\t<\/div>\n\t\t\t\t<\/div>\n\t\t","protected":false},"excerpt":{"rendered":"<p>Sobre N\u00f3s Quem Somos? H\u00e1 mais de 15 anos, a Loyola Pizzaria \u00e9 parte da hist\u00f3ria e do sabor do Bairro Padre Eust\u00e1quio, em Belo Horizonte. Muito mais do que uma pizzaria, somos um ponto de encontro de fam\u00edlias, amigos e apaixonados por uma boa pizza feita com carinho. Nossa receita de sucesso? Ingredientes sempre [&hellip;]<\/p>\n","protected":false},"author":1,"featured_media":0,"parent":0,"menu_order":0,"comment_status":"closed","ping_status":"closed","template":"elementor_header_footer","meta":{"footnotes":""},"class_list":["post-15","page","type-page","status-publish","hentry"],"_links":{"self":[{"href":"https:\/\/ljspot.com.br\/delivery\/wp-json\/wp\/v2\/pages\/15","targetHints":{"allow":["GET"]}}],"collection":[{"href":"https:\/\/ljspot.com.br\/delivery\/wp-json\/wp\/v2\/pages"}],"about":[{"href":"https:\/\/ljspot.com.br\/delivery\/wp-json\/wp\/v2\/types\/page"}],"author":[{"embeddable":true,"href":"https:\/\/ljspot.com.br\/delivery\/wp-json\/wp\/v2\/users\/1"}],"replies":[{"embeddable":true,"href":"https:\/\/ljspot.com.br\/delivery\/wp-json\/wp\/v2\/comments?post=15"}],"version-history":[{"count":13,"href":"https:\/\/ljspot.com.br\/delivery\/wp-json\/wp\/v2\/pages\/15\/revisions"}],"predecessor-version":[{"id":195,"href":"https:\/\/ljspot.com.br\/delivery\/wp-json\/wp\/v2\/pages\/15\/revisions\/195"}],"wp:attachment":[{"href":"https:\/\/ljspot.com.br\/delivery\/wp-json\/wp\/v2\/media?parent=15"}],"curies":[{"name":"wp","href":"https:\/\/api.w.org\/{rel}","templated":true}]}}